ands digit of z?
4
Let q = -16 - -18. Let n(j) = 18*j + 5. Let k be n(6). Suppose -2*p - 3*w + 107 = 2*w, q*w = 3*p - k. What is the units digit of p?
1
Let f(c) = c**2 + 6*c - 148. Let l be (-6)/(-3)*(7 + 7). What is the tens digit of f(l)?
0
Let v(h) = -4*h - 16. Let d be v(-4). Let p be (-4)/(-1) - d/(-10). Suppose 3*k - 339 = -2*g, 0 = -p*k + k + g + 330. What is the units digit of k?
1
Suppose -2*w + 65736 = 6*y, -2*y - 27*w = -30*w - 21901. What is the hundreds digit of y?
9
Suppose 238 = -22*c + 1624. What is the tens digit of 42390/c + 2/14?
7
Let z = -23066 - -45048. What is the hundreds digit of z?
9
Let c(m) = -m**3 - 18*m**2 - 14*m + 40. Let o be c(-17). Let b = -6 - o. Suppose b*t = -2*v + 270, -4*v - 30 = 3*t - 192. What is the units digit of t?
4
What is the units digit of (27/5)/((-24)/(-400))?
0
Let j = -32 - -18. Let l = j + 20. Suppose l*f - 531 + 117 = 0. What is the tens digit of f?
6
Suppose 201*r + 902799 = 2819622 + 750648. What is the units digit of r?
1
Suppose g = x + 32, -4*x - 2*g - 82 = 70. What is the tens digit of (-41496)/234*(0 + x/14)?
5
Suppose 11*v - 49*v - 85234 = 0. Let c = -1284 - v. What is the tens digit of c?
5
Suppose -104 = -p + 5*p. Let m be 74/p - 12/78. Let s(q) = 5*q**2 + 5*q + 3. What is the tens digit of s(m)?
3
Suppose 61*t + 145782 = 74*t. What is the ten thousands digit of t?
1
Let a be 55/(-4) + (-7)/(-4). What is the tens digit of 989 + (-25)/(7 + a)?
9
Suppose 0 = -g + 11*g + 20. Let c be ((-10)/3)/(g/105). Suppose d + 49 - c = 0. What is the tens digit of d?
2
Let p = -6962 - -13469. What is the tens digit of p?
0
Let i(c) = 10793*c**3 + c**2 + 5*c - 5. What is the thousands digit of i(1)?
0
Suppose 17311*o - 325669 = 17294*o. What is the thousands digit of o?
9
Suppose 0*o - 3*o = -3*y - 15762, 4*o - 5*y - 21013 = 0. What is the units digit of o?
7
Let n(f) = 2*f**3 - 80*f**2 + 43*f - 18. Let h be n(39). Let p = h - -2313. What is the hundreds digit of p?
9
Let m be ((-285)/(-6))/((-16)/(-32)). Let w(h) = 10*h + 4. Let p be w(3). Suppose -y + m = -p. What is the hundreds digit of y?
1
Let b(u) = 18*u + 31. Let p be b(-4). Let x(f) = -14*f + 252. What is the units digit of x(p)?
6
Let u(h) = -h**3 - 11*h**2 - h - 21. Let s be u(-11). Let c be 8/s + (-95)/(-25). Suppose -76 = -4*g - 2*v - 24, -c*g - 2*v = -40. What is the units digit of g?
2
Suppose -y - 5*x = -17417, -2162*y = -2164*y + x + 34801. What is the units digit of y?
2
Suppose 0 = -14*q + 55338 + 57250. What is the tens digit of q?
4
Suppose -5*d = 3*u - 74, -5*u + 3*d = -u - 89. Let y be ((-3)/(-6))/(4/16). What is the units digit of u/2*y*(2 - 1)?
3
Let b(v) = -5*v - 120. Let g be b(-33). Let y(d) = -5*d + 265. What is the units digit of y(g)?
0
Suppose 3*n + 4*p - 29935 = 0, 4*n - 9*p - 39876 = -5*p. What is the tens digit of n?
7
Suppose -9*a - 517 = 2*a. Let c = 131 + a. Suppose -2 = -t + c. What is the tens digit of t?
8
Let b(d) = 792 + 7*d**2 + 9*d + 797 - 1593. What is the tens digit of b(-8)?
7
Suppose -h = -4*k + 16, 5*k - 31 = h + 3*h. Let r(u) = -2*u + 3. Let x be r(k). What is the units digit of 4 + 2 + x + 4?
7
Let v(d) be the third derivative of d**6/720 + d**5/5 + 13*d**4/24 + 19*d**2. Let l(f) be the second derivative of v(f). What is the tens digit of l(25)?
4
Suppose -4*u + 6*u - 6 = 0. Let l be u/2*(-4)/3. What is the units digit of (-7)/((-63)/(-6))*9/l?
3
Suppose 4*w = 20, -3*f - 3*w + 340 + 20 = 0. Suppose y = -2*t - f, 4*y + 3*t = 5*t - 440. Let d = y - -238. What is the tens digit of d?
2
Suppose 64 = 2*b + 54. Suppose -2*h - 171 = -b*h. Suppose s + h = 208. What is the hundreds digit of s?
1
Let a(p) = -p**3 + 14*p**2 - 15*p + 30. Let c be a(13). Suppose -c*j = -5*j + m + 301, j = 3*m + 305. What is the tens digit of j?
9
Suppose 2*y - 2*i = 3*i - 5, 5*i = -15. Let a(t) = -25*t + 188. What is the units digit of a(y)?
8
Let z = 70 - 37. Suppose -4*r + 1 = 5*k + 17, -5*r - z = 3*k. Let m(y) = y**2 + 5*y - 17. What is the units digit of m(r)?
9
Let o(p) = 3649*p**2 - 6*p + 5. What is the thousands digit of o(1)?
3
Suppose -80*f + 547427 = -7*f. What is the hundreds digit of f?
4
Let a(b) = 213*b - 185. Let g be a(5). Let t = g + -635. What is the units digit of t?
5
Suppose 0 = 17*r - 15*r - 3276. Suppose 43*g - 40*g = r. What is the hundreds digit of g?
5
Let v be (3 + -5)*(-7 - 0). Suppose v*f - 3380 - 1702 = 0. What is the units digit of f?
3
What is the thousands digit of (-727)/(6*(-13)/312)?
2
Let g be (-2)/8 - (1035/(-12) + 3). Let c = 398 + g. What is the hundreds digit of c?
4
Let j = 2047 - 1089. Suppose 3*p + 758 = -p - u, 5*p + j = 4*u. Let f = p - -390. What is the tens digit of f?
0
Let s = 115 - 44. Let a = -56 + s. Suppose 22*c = a*c + 931. What is the hundreds digit of c?
1
Let k = 4 - 0. Let m be (1052/6 - 1)/((735/90)/(-49)). What is the tens digit of m/(-8) + ((-11)/k - -3)?
3
Let s be (-6)/((-390)/(-394) - 1). Suppose -12*l = -15*l + s. Let u = l - 136. What is the units digit of u?
1
Suppose 4*u - 58210 = -5*w + u + 4*u, 0 = 4*u. What is the thousands digit of w?
1
Let a be ((7 - 23) + 16)*(-1*2)/8. Let u = -1 - -5. Suppose u*h + 15*h - 1748 = a. What is the units digit of h?
2
Let m(j) = -j**3 + j**2 + 3*j + 3. Let v be m(2). Suppose -2*d = -4*t - 1888, 0*d = -v*d. Let w = -257 - t. What is the units digit of w?
5
Let p be ((-62)/(-4))/(22/4 + -6). Let y = -38 - p. What is the units digit of 273*y/(21/(-2))?
2
Suppose 5*x + 2*i = 55, 0 = -4*x - 2*i + 12 + 30. Suppose 2025 = -8*u + x*u. What is the units digit of u?
5
Let k be -4 + (9 + -3)*4/3. Suppose -2*q + 20 = k*w + 32, 2*q + w - 3 = 0. What is the units digit of q?
4
Let a be 2/13 + (-189)/(-39). Let i = a + -2. Suppose i*l - 288 = -4*o, -5*o + 0*l - l = -349. What is the tens digit of o?
6
Let g = -20741 + 40241. What is the hundreds digit of g?
5
Suppose -3*k = 9, -2 = 2*f - k - k. Suppose 0 = 2*g - 4*i - 40, -60*g - 4*i = -61*g + 22. Let m = f + g. What is the tens digit of m?
1
What is the hundreds digit of (-11716)/(-6) + 18/((-216)/(-4))?
9
Let i = 104765 - 61770. What is the units digit of i?
5
Let g(k) = 156*k - 20. Let h be g(11). Suppose -7*u - h = -11*u. What is the hundreds digit of u?
4
Suppose 140*i - 149*i + 243566 - 13652 = 0. What is the tens digit of i?
4
What is the units digit of (-30294341)/(-627) - 10/(-6)?
8
Let z(y) = y**2 - 3*y - 15. Let o = 52 - 46. Let h be z(o). Suppose h*c + 0*c = -2*w + 100, 2*w + c - 92 = 0. What is the tens digit of w?
4
Suppose 49521 + 50639 = 10*j. Suppose -j = 101*q - 117*q. What is the hundreds digit of q?
6
Let a = -3201 - -5247. What is the thousands digit of a?
2
Suppose -63 + 388 = -5*a. Let z be -20*(3 + a/20). Suppose -13*k + 1120 = -z*k. What is the units digit of k?
0
Let m = -299 - -302. Suppose -m*f = -4*v + 4066, -27*f = -24*f + 6. What is the hundreds digit of v?
0
Let y(h) = h - 17. Let a be y(14). Let w(u) = -2*u**3 - 8*u**2 - 3*u + 7. Let k be w(a). What is the hundreds digit of 131 + 0 - (k + 7)?
1
Suppose -6*v + 390 = 7*v. Let q = v + -26. Suppose q = t - 4. What is the units digit of t?
8
Let c(z) = -16*z**3 + 12*z**2 - 9*z - 7. Let a be c(-6). Suppose -u + a = 6*k - k, -5*k - 3*u + 3935 = 0. What is the units digit of k?
7
Let l(j) = 7*j**2 + 5*j + 3. Let h be -48*(14/6)/(-7). Suppose -h + 26 = -5*y. What is the tens digit of l(y)?
2
Suppose -4*x = 4*a - 408, 236*x - 239*x - 2*a = -313. What is the units digit of x?
9
Let l(j) = 15*j + 29. Let n be l(-3). Let v = 240 + n. What is the hundreds digit of v?
2
Let u(r) = 2*r**3 - 27*r**2 - 38*r + 13. Let k be u(16). Let y = -680 + k. What is the units digit of y?
5
Suppose -5*p + 1997 = 7147. Let d = p + 1544. What is the tens digit of d?
1
What is the tens digit of (-52)/8 + 7 - (-403600)/32?
1
Let g be (-1 + 2)*(-155)/(-1). Let w be ((-132)/9)/(4/30). Let t = g + w. What is the units digit of t?
5
Let v(p) = 1. Let a(t) = 3*t + 1. Let x(b) = a(b) - 6*v(b). Let l be x(3). What is the tens digit of 2008/32 - 3/l?
6
Let f = -47343 + 83355. What is the hundreds digit of f?
0
Let t(s) = 3 + 35*s**3 - 2*s + 66*s**3 - 54*s**3 + 77*s**3 - 2*s**2. Let n = -22 - -23. What is the units digit of t(n)?
3
Let h(u) = 9*u**2 - 15*u - 6. Suppose -17*a = -2*a + 75. What is the units digit of h(a)?
4
Suppose -10640 = 31*